{"id":135,"date":"2023-07-28T16:27:12","date_gmt":"2023-07-28T14:27:12","guid":{"rendered":"https:\/\/mathieuducrez.com\/?page_id=135"},"modified":"2026-05-14T07:47:20","modified_gmt":"2026-05-14T05:47:20","slug":"completement-fume","status":"publish","type":"page","link":"https:\/\/mathieuducrez.com\/","title":{"rendered":"spectacle"},"content":{"rendered":"\t\t<div data-elementor-type=\"wp-page\" data-elementor-id=\"135\" class=\"elementor elementor-135\">\n\t\t\t\t<div class=\"elementor-element elementor-element-175a9a7 e-flex e-con-boxed e-con e-parent\" data-id=\"175a9a7\" data-element_type=\"container\" data-e-type=\"container\">\n\t\t\t\t\t<div class=\"e-con-inner\">\n\t\t<div class=\"elementor-element elementor-element-bcfbdaa e-con-full e-flex e-con e-child\" data-id=\"bcfbdaa\" data-element_type=\"container\" data-e-type=\"container\">\n\t\t\t\t<div class=\"elementor-element elementor-element-6a160cc elementor-widget elementor-widget-image\" data-id=\"6a160cc\" data-element_type=\"widget\" data-e-type=\"widget\" data-widget_type=\"image.default\">\n\t\t\t\t<div class=\"elementor-widget-container\">\n\t\t\t\t\t\t\t\t\t\t\t\t\t\t\t<img fetchpriority=\"high\" decoding=\"async\" width=\"728\" height=\"1024\" src=\"https:\/\/mathieuducrez.com\/wp-content\/uploads\/2023\/07\/flyer-recto-copie-728x1024.jpg\" class=\"attachment-large size-large wp-image-170\" alt=\"affiche Mathieu Ducrez\" srcset=\"https:\/\/mathieuducrez.com\/wp-content\/uploads\/2023\/07\/flyer-recto-copie-728x1024.jpg 728w, https:\/\/mathieuducrez.com\/wp-content\/uploads\/2023\/07\/flyer-recto-copie-213x300.jpg 213w, https:\/\/mathieuducrez.com\/wp-content\/uploads\/2023\/07\/flyer-recto-copie-768x1080.jpg 768w, https:\/\/mathieuducrez.com\/wp-content\/uploads\/2023\/07\/flyer-recto-copie-1093x1536.jpg 1093w, https:\/\/mathieuducrez.com\/wp-content\/uploads\/2023\/07\/flyer-recto-copie.jpg 1252w\" sizes=\"(max-width: 728px) 100vw, 728px\" \/>\t\t\t\t\t\t\t\t\t\t\t\t\t\t\t<\/div>\n\t\t\t\t<\/div>\n\t\t\t\t<\/div>\n\t\t<div class=\"elementor-element elementor-element-049a89b e-con-full e-flex e-con e-child\" data-id=\"049a89b\" data-element_type=\"container\" data-e-type=\"container\">\n\t\t\t\t<div class=\"elementor-element elementor-element-da59d21 elementor-widget elementor-widget-image\" data-id=\"da59d21\" data-element_type=\"widget\" data-e-type=\"widget\" data-widget_type=\"image.default\">\n\t\t\t\t<div class=\"elementor-widget-container\">\n\t\t\t\t\t\t\t\t\t\t\t\t\t\t\t<img decoding=\"async\" width=\"728\" height=\"1024\" src=\"https:\/\/mathieuducrez.com\/wp-content\/uploads\/2023\/07\/flyer-VERSO_MATHIEU-1252px-728x1024.png\" class=\"attachment-large size-large wp-image-171\" alt=\"flyer mathieu ducrez\" srcset=\"https:\/\/mathieuducrez.com\/wp-content\/uploads\/2023\/07\/flyer-VERSO_MATHIEU-1252px-728x1024.png 728w, https:\/\/mathieuducrez.com\/wp-content\/uploads\/2023\/07\/flyer-VERSO_MATHIEU-1252px-213x300.png 213w, https:\/\/mathieuducrez.com\/wp-content\/uploads\/2023\/07\/flyer-VERSO_MATHIEU-1252px-768x1080.png 768w, https:\/\/mathieuducrez.com\/wp-content\/uploads\/2023\/07\/flyer-VERSO_MATHIEU-1252px-1093x1536.png 1093w, https:\/\/mathieuducrez.com\/wp-content\/uploads\/2023\/07\/flyer-VERSO_MATHIEU-1252px.png 1252w\" sizes=\"(max-width: 728px) 100vw, 728px\" \/>\t\t\t\t\t\t\t\t\t\t\t\t\t\t\t<\/div>\n\t\t\t\t<\/div>\n\t\t\t\t<\/div>\n\t\t\t\t\t<\/div>\n\t\t\t\t<\/div>\n\t\t<div class=\"elementor-element elementor-element-a6bf961 e-flex e-con-boxed e-con e-parent\" data-id=\"a6bf961\" data-element_type=\"container\" data-e-type=\"container\">\n\t\t\t\t\t<div class=\"e-con-inner\">\n\t\t\t\t<div class=\"elementor-element elementor-element-3341f80 elementor-widget elementor-widget-video\" data-id=\"3341f80\" data-element_type=\"widget\" data-e-type=\"widget\" data-settings=\"{&quot;youtube_url&quot;:&quot;https:\\\/\\\/www.youtube.com\\\/watch?v=bO5yXjyRuSA&quot;,&quot;video_type&quot;:&quot;youtube&quot;,&quot;controls&quot;:&quot;yes&quot;}\" data-widget_type=\"video.default\">\n\t\t\t\t<div class=\"elementor-widget-container\">\n\t\t\t\t\t\t\t<div class=\"elementor-wrapper elementor-open-inline\">\n\t\t\t<div class=\"elementor-video\"><\/div>\t\t<\/div>\n\t\t\t\t\t\t<\/div>\n\t\t\t\t<\/div>\n\t\t\t\t\t<\/div>\n\t\t\t\t<\/div>\n\t\t<div class=\"elementor-element elementor-element-1ec7eaa e-flex e-con-boxed e-con e-parent\" data-id=\"1ec7eaa\" data-element_type=\"container\" data-e-type=\"container\">\n\t\t\t\t\t<div class=\"e-con-inner\">\n\t\t\t\t<div class=\"elementor-element elementor-element-59085bc elementor-widget elementor-widget-html\" data-id=\"59085bc\" data-element_type=\"widget\" data-e-type=\"widget\" data-widget_type=\"html.default\">\n\t\t\t\t<div class=\"elementor-widget-container\">\n\t\t\t\t\t\r\nPLAYER DARK \/ VERTICAL\r\n\r\n\r\n<iframe\r\n    style=\"margin: auto; min-width: 320px; border: 0;\"\r\n    src=\"https:\/\/player.audiomeans.fr\/player-v2\/contre-addictions-par-rose-75c39c62512f\/episodes\/5840fdc5-528c-4271-8d3c-48bfb0174e60?mp=0&leadin=1&embed=0&download=0&std=0&vert=1&playlist=0&color=7d7d7d&theme=dark\"\r\n    width=\"320px\"\r\n    height=\"568px\"\r\n    allow=\"clipboard-write; autoplay\">\r\n<\/iframe>\r\n\r\n\t\t\t\t<\/div>\n\t\t\t\t<\/div>\n\t\t\t\t\t<\/div>\n\t\t\t\t<\/div>\n\t\t<div class=\"elementor-element elementor-element-b10f6db e-con-full e-flex e-con e-parent\" data-id=\"b10f6db\" data-element_type=\"container\" data-e-type=\"container\">\n\t\t\t\t<div class=\"elementor-element elementor-element-1505f02 elementor-widget-tablet__width-inherit elementor-widget__width-initial elementor-widget elementor-widget-text-editor\" data-id=\"1505f02\" data-element_type=\"widget\" data-e-type=\"widget\" data-widget_type=\"text-editor.default\">\n\t\t\t\t<div class=\"elementor-widget-container\">\n\t\t\t\t\t\t\t\t\t<p><strong>Artiste aux multiples facettes Mathieu Ducrez est \u00e0 la fois com\u00e9dien, pr\u00e9sentateur, chroniqueur, humoriste, auteur et r\u00e9alisateur.<\/strong><\/p><p>Apr\u00e8s avoir fait parti d\u2019une troupe de th\u00e9\u00e2tre de l\u2019\u00e2ge de 10 \u00e0 17 ans, il d\u00e9bute sa carri\u00e8re t\u00e9l\u00e9 en 1999 en cr\u00e9ant une s\u00e9rie de sketchs sur M6 music intitul\u00e9e\u00a0<strong>\u00ab\u00a0Les chor\u00e9graphies\u00a0\u00bb<\/strong>. Mathieu Ducrez se prend alors pour la star des chor\u00e9graphes et le chor\u00e9graphe des stars, et sans conna\u00eetre le moindre pas de danse, d\u00e9cide de montrer au spectateur comment lui aussi, chez lui, il peut danser comme Mickael Jackson, Prince, Madonna ou James Brown\u2026 80 le\u00e7ons de danse au succ\u00e8s imm\u00e9diat qui seront ensuite r\u00e9adapt\u00e9es sur M6 dans l\u2019\u00e9mission\u00a0<strong>\u00ab\u00a0Unisexe\u00a0\u00bb<\/strong>.<\/p><p>Vient ensuite une seconde s\u00e9rie de sketchs sur M6 music \u00ab\u00a0<strong>La minute de Mathieu<\/strong>\u00ab\u00a0, 250 sketchs \u00e0 travers lesquels Mathieu Ducrez nous livre ses r\u00e9flexions loufoques sur la musique, les paroles de chanson, les artistes musicaux.<\/p><p>Il fait des sketchs sur M6\u00a0<strong>\u00ab\u00a0Plus vite que la musique\u00a0\u00bb<\/strong>, sur Canal + pour\u00a0<strong>\u00ab\u00a0Le Vrai Journal\u00a0\u00bb<\/strong>\u00a0de Karl Z\u00e9ro, \u00ab<strong>le centre de visionnage d\u2019Edouard Baer<\/strong>\u00bb ou\u00a0<strong>\u00ab\u00a0Le monde merveilleux de Chico\u00a0\u00bb<\/strong>.<\/p><p>Puis c\u2019est le tour des \u00e9missions, Mathieu Ducrez pr\u00e9sente\u00a0<strong>\u00ab\u00a0Flash en direct\u00a0\u00bb<\/strong>\u00a0sur M6 music : une heure quotidienne de direct en compagnie d\u2019un invit\u00e9 musical.<\/p><p>Il pr\u00e9sente \u00e9galement <strong>T.R.I.K<\/strong> comme Trash Ridicule Insolite et Kitch, une \u00e9mission d\u00e9lirante sur AB1 \u00e0 travers laquelle Mathieu essaie de conduire son \u00e9quipe technique dans diff\u00e9rentes qu\u00eates.<\/p><p>Il sera ensuite chroniqueur pour France 2 dans\u00a0<strong>\u00ab\u00a0Fallait y penser\u00a0\u00bb<\/strong>, une \u00e9mission sur les inventions pr\u00e9sent\u00e9e par Fr\u00e9d\u00e9ric Lopez. Puis pour France 5\u00a0<strong>\u00ab\u00a0Question science\u00a0\u00bb<\/strong>\u00a0et animera sur cette m\u00eame chaine en 2006 l\u2019heure de l\u2019\u00e9trange dans <strong>\u00ab\u00a0Toute la nuit ensemble\u00a0\u00bb,<\/strong> une \u00e9mission de 7h en direct dans la nuit du vendredi au samedi. Il pr\u00e9sentera ensuite des \u00e9missions musicales pour l\u2019Enorme TV\u00a0: \u00ab<strong>canal saint martin<\/strong>\u00bb \u00ab<strong>show case<\/strong>\u00bb \u00ab<strong>les petites histoires du rock<\/strong>\u00bb. En 2014, il sera chroniqueur dans l\u2019\u00e9mission des \u00ab\u00a0<strong>Maternelles\u00a0<\/strong>\u00bb<\/p><p>Parall\u00e8lement, sa carri\u00e8re se diversifie, il alterne des apparitions dans des films.\u00a0 Mathieu Ducrez fait la premi\u00e8re partie d\u2019Eric et Ramzy, \u00e9crit des sketchs pour\u00a0<strong>\u00ab\u00a0Samantha oups\u00a0\u00bb<\/strong>, \u00ab<strong>sc\u00e8ne de m\u00e9nage<\/strong>\u00bb participe \u00e0 des campagnes de pub et \u00e9crit des textes pour les \u00e9missions TV <strong>cinestar<\/strong> pr\u00e9sent\u00e9s par H\u00e9l\u00e9na Noguera, Thomas Dutrouc.<\/p><p>En 2008 Mathieu Ducrez fonde sa structure de production :\u00a0<strong>\u00ab\u00a0Les productions du Matou\u00a0\u00bb<\/strong>\u00a0avec laquelle il d\u00e9veloppe une s\u00e9rie de 300 sketchs pour Orange, des films institutionnels (Soci\u00e9t\u00e9 G\u00e9n\u00e9rale, Orangina Schweppes, le groupe Zanier), des campagnes de pub virales pour internet (Orange, SFR, Bwin, FYE), des sketchs, de la pr\u00e9sentation d\u2019\u00e9v\u00e9nement et des programmes TV.<\/p><p>Il participe \u00e0 l\u2019\u00e9criture de deux sc\u00e9narios de longs m\u00e9trages en pr\u00e9paration \u00abRabby blues\u00bb My Family production et \u00abLe temps des vacances\u00bb.<\/p><p>En 2017 rencontre avec Django Edwards qui lui transmet son savoir faire et son univers riche dans la com\u00e9die et l\u2019absurde ce qui donnera naissance \u00e0 un spectacle au\u00a0 cabaret \u00able carrousel de Paris\u00bb.<\/p><p>S\u2019ensuit en 2018 l\u2019\u00e9criture et la cr\u00e9ation du seul en sc\u00e8ne \u00ab compl\u00e8tement fum\u00e9 \u00bb, mise en sc\u00e8ne Yves le Rolland, qu\u2019il jouera au th\u00e9\u00e2tre Montmartre Galabru puis au festival d\u2019Avignon au Th\u00e9\u00e2tre des \u00e9toiles en 2021. Puis Au Th\u00e9\u00e2tre du Gymnase Marie Bell en 2022 et \u00e0 la Divine Com\u00e9die en 2023. Le spectacle est actuellement jou\u00e9 dans les lyc\u00e9es suivi d&rsquo;un d\u00e9bat en pr\u00e9vention contre le tabagisme et toutes les drogues de mani\u00e8re g\u00e9n\u00e9rale. 40 lyc\u00e9es ont d\u00e9j\u00e0 programm\u00e9 \u00ab\u00a0compl\u00e8tement fum\u00e9\u00a0\u00bb devant plus 5000 lyc\u00e9ens.\u00a0<\/p>\t\t\t\t\t\t\t\t<\/div>\n\t\t\t\t<\/div>\n\t\t\t\t<\/div>\n\t\t\t\t<\/div>\n\t\t","protected":false},"excerpt":{"rendered":"<p>PLAYER DARK \/ VERTICAL Artiste aux multiples facettes Mathieu Ducrez est \u00e0 la fois com\u00e9dien, pr\u00e9sentateur, chroniqueur, humoriste, auteur et r\u00e9alisateur. Apr\u00e8s avoir fait parti d\u2019une troupe de th\u00e9\u00e2tre de l\u2019\u00e2ge de 10 \u00e0 17 ans, il d\u00e9bute sa carri\u00e8re t\u00e9l\u00e9 en 1999 en cr\u00e9ant une s\u00e9rie de sketchs sur M6 music intitul\u00e9e\u00a0\u00ab\u00a0Les chor\u00e9graphies\u00a0\u00bb. Mathieu &hellip;<\/p>\n<p class=\"read-more\"> <a class=\"\" href=\"https:\/\/mathieuducrez.com\/\"> <span class=\"screen-reader-text\">spectacle<\/span> Lire la suite\u00a0\u00bb<\/a><\/p>\n","protected":false},"author":1,"featured_media":0,"parent":0,"menu_order":0,"comment_status":"closed","ping_status":"closed","template":"","meta":{"site-sidebar-layout":"default","site-content-layout":"","ast-site-content-layout":"","site-content-style":"default","site-sidebar-style":"default","ast-global-header-display":"","ast-banner-title-visibility":"","ast-main-header-display":"","ast-hfb-above-header-display":"","ast-hfb-below-header-display":"","ast-hfb-mobile-header-display":"","site-post-title":"disabled","ast-breadcrumbs-content":"","ast-featured-img":"","footer-sml-layout":"","theme-transparent-header-meta":"","adv-header-id-meta":"","stick-header-meta":"","header-above-stick-meta":"","header-main-stick-meta":"","header-below-stick-meta":"","astra-migrate-meta-layouts":"","footnotes":""},"class_list":["post-135","page","type-page","status-publish","hentry"],"_links":{"self":[{"href":"https:\/\/mathieuducrez.com\/index.php?rest_route=\/wp\/v2\/pages\/135","targetHints":{"allow":["GET"]}}],"collection":[{"href":"https:\/\/mathieuducrez.com\/index.php?rest_route=\/wp\/v2\/pages"}],"about":[{"href":"https:\/\/mathieuducrez.com\/index.php?rest_route=\/wp\/v2\/types\/page"}],"author":[{"embeddable":true,"href":"https:\/\/mathieuducrez.com\/index.php?rest_route=\/wp\/v2\/users\/1"}],"replies":[{"embeddable":true,"href":"https:\/\/mathieuducrez.com\/index.php?rest_route=%2Fwp%2Fv2%2Fcomments&post=135"}],"version-history":[{"count":54,"href":"https:\/\/mathieuducrez.com\/index.php?rest_route=\/wp\/v2\/pages\/135\/revisions"}],"predecessor-version":[{"id":1337,"href":"https:\/\/mathieuducrez.com\/index.php?rest_route=\/wp\/v2\/pages\/135\/revisions\/1337"}],"wp:attachment":[{"href":"https:\/\/mathieuducrez.com\/index.php?rest_route=%2Fwp%2Fv2%2Fmedia&parent=135"}],"curies":[{"name":"wp","href":"https:\/\/api.w.org\/{rel}","templated":true}]}}